84 is divided by m(-23).
14
Let i = -23134 - -28275. Calculate the remainder when i is divided by 117.
110
Suppose 3*q = 2*g + 789, -2*q + 1052 = 2*q + 5*g. Suppose -2*x = m + 53 - 202, 5*m = 4*x - q. What is the remainder when 141 is divided by x?
69
Let o = -7 - -19. Calculate the remainder when (-17)/(-119)*1183 - (-1 - -5)/1 is divided by o.
9
Suppose -26*d + 22*d + 51*d = 188. What is the remainder when 3029 is divided by d?
1
Let o(l) = -46 + l**2 - 10*l - 5*l + 0*l + 2*l. Calculate the remainder when 23 is divided by o(-4).
1
What is the remainder when (-390)/9*441/(-105) is divided by 11?
6
Suppose 3*s - 4*j - 440 = 0, -2*j - 1 = -9. Let p = s + -123. Calculate the remainder when 50 is divided by p.
21
Let t be (67 - -1)*(-13)/312*-12. Suppose -t*g = -23*g - 198. Calculate the remainder when 320 is divided by g.
14
Suppose -c + 240 = 2*c. Suppose u = -9*u + c. What is the remainder when (0 + -1)/(2/(-76)) is divided by u?
6
Let h = -1025 - -1024. Let v(a) = -58*a**3 - a**2 + 7*a + 7. Suppose -i + 4*i - 5*q - 25 = 0, i + q = 19. What is the remainder when v(h) is divided by i?
12
Suppose -58 = -2*r + 6*o - 2*o, -r = -5*o - 41. Calculate the remainder when r is divided by 1962/81 - 7 - 4/18.
4
What is the remainder when 51 is divided by 6 + (-352)/(-77) + 9/21?
7
Let c(r) = -43*r - 1019. Calculate the remainder when 659 is divided by c(-24).
9
Suppose -3*p - 3 = 0, 0*r = 2*r + 5*p + 11. Let y = 23 + r. Let s = -1102 - -1138. Calculate the remainder when s is divided by y.
16
Let z(s) = 24*s - 45. Let d be z(2). Calculate the remainder when 129 is divided by ((-2277)/(-138))/(d/8).
41
Let b = 634 + 481. What is the remainder when b is divided by 185?
5
Let z = 651 - 661. Calculate the remainder when (2184/30)/(z/(-25)) is divided by 46.
44
Let s(i) = i**3 + 18*i**2 + 24*i - 153. What is the remainder when s(-14) is divided by 84?
43
Suppose 4*u - 1096 - 584 = 0. Calculate the remainder when u is divided by 90.
60
Let v(k) = -k**2 - 20*k - 28. Let z be (-8)/(-44) + (-2)/((-44)/(-334)). Suppose 24*a - 36 = 3324. What is the remainder when a is divided by v(z)?
46
Suppose 10512 = 387*c - 315*c. Calculate the remainder when 921 is divided by c.
45
Suppose 16*p - 11*p = -10. Let n be ((-99)/(-6))/(p/4)*-7. Suppose -3*r = -8*r + 4*h + n, 4*h - 113 = -3*r. Calculate the remainder when r is divided by 12.
7
Suppose -3*z = -5*d + 2696, -3*d - 2*z + 1633 = -6*z. What is the remainder when d is divided by 68?
59
Suppose -7*t + 21854 = -4*p, 0 = 153*t - 154*t + 5*p + 3122. What is the remainder when t is divided by 59?
54
Suppose 463*l + 11346 = 646*l. Let y = -177 - -486. What is the remainder when y is divided by l?
61
Calculate the remainder when ((-812)/290)/((-1)/45) is divided by 16.
14
Suppose 3007 - 3041 = -2*p. Calculate the remainder when 4275 is divided by p.
8
Let s = -10896 - -11090. What is the remainder when 486 is divided by s?
98
Suppose 0*r + 5*r - 20 = 0. Suppose -r*h + 2*w + 382 = 0, -5*h + 2*w = -2*w - 482. Suppose -5*t = -4*t - 19. What is the remainder when h is divided by t?
18
Let b = 23073 + -23041. What is the remainder when 16638 is divided by b?
30
Suppose t = -5*u + 185, 3 = -u + t + 40. What is the remainder when 4*(2 + (-190)/(-8)) is divided by u?
29
Let b be ((-112)/24)/((-2)/21) - -4. Suppose -b*r + 59*r - 306 = 0. Let q(c) = 151*c**3 - c**2. What is the remainder when q(1) is divided by r?
48
Suppose 4*s = -i - 32, -4*i + 6943 = 4*s + 6939. Let c = 52 + -13. What is the remainder when c is divided by i?
3
Let x(t) = 4*t - 44. Let z be x(11). Suppose z*g - 11*g = -990. Calculate the remainder when g is divided by 13.
12
Suppose -2*t - t = -63. Suppose t + 25 = 2*d. Let s = 252225 - 252161. What is the remainder when s is divided by d?
18
Suppose 104 = 5*d - d. Let n be 28/(-98) + (-1 - 58/(-7)). Suppose -n*y + 505 = -2*y - 5*f, -5*f + 10 = 0. Calculate the remainder when y is divided by d.
25
Let v = 2330 - 2327. Suppose 3 + 3 = 3*w. Suppose -u + 3*a + 2 = -w, v*u - a - 36 = 0. Calculate the remainder when 38 is divided by u.
12
Let r(t) = t**2 - 20*t + 41. Suppose 722 = 8*z + 30*z. Calculate the remainder when 69 is divided by r(z).
3
What is the remainder when 3131 is divided by (-1611)/(-15) + 210/350?
107
Let a be 0 - (-11)/(-1)*-5. Suppose -17*v - a = -22*v. Calculate the remainder when 52 is divided by v.
8
Let a(f) = -5*f**3 - 2*f**2 - 9*f + 5. Let r be a(3). Let z = 293 + r. Let h = z - 57. What is the remainder when h is divided by 17?
10
Let c be 2/5 + (-20)/50. Let z be 436 + 2/(-2 - c). Suppose 4*k - z = -k. Calculate the remainder when k is divided by 9.
6
Suppose -15*l + 18*l = 6, -2*s + 2*l - 30 = 0. Let i(x) = 2*x**2 + 25*x + 22. Let b(a) = 5*a**2 - 4*a + 5. Calculate the remainder when b(4) is divided by i(s).
34
Suppose -14*s + 9*s = -6*m + 2027, -3*s = 2*m - 671. What is the remainder when m is divided by 42?
1
Suppose 84*p = 91*p + 1946. Let i = 347 + p. Let z(q) = 19*q - 1. What is the remainder when i is divided by z(1)?
15
Suppose 4*w + 18 = w. Calculate the remainder when 25 - -2 - (6 + w) is divided by 10.
7
Let o(h) = -h**2 - 69*h - 826. Calculate the remainder when 276 is divided by o(-19).
28
Let g(x) = 19*x + 116. What is the remainder when 168 is divided by g(-6)?
0
Let w = 348 - 239. Suppose -w*d + 42 = -107*d. What is the remainder when 145 is divided by d?
19
Suppose -2*m = -6*m. Let s = -37975 - -37984. What is the remainder when (64 + -3)*(1 - m) is divided by s?
7
Let k = 1 - -8. Let d(q) = -2*q + 39. Let l be d(-12). Suppose -5*a + 4*s = -76, -4*a + 0*a = -s - l. Calculate the remainder when a is divided by k.
7
Suppose -4*r = -22*i + 17*i + 429, -r + 424 = 5*i. What is the remainder when 2122 is divided by i?
82
Suppose -77*t = -5*z - 72*t + 5, 4*z - 5*t - 2 = 0. Suppose 4*y + 116 = z*n, -5*n - 8*y + 145 = -5*y. What is the remainder when 56 is divided by n?
24
Let v = -451 + 451. Let z(g) = 10*g + 8. What is the remainder when 118 is divided by z(v)?
6
Calculate the remainder when 553 is divided by (77/(-105) - 2/(-6))/((-51)/11985).
83
Suppose 6*q - 42 = 5*q. Let s be (4 - (14/2 - 6)) + 1. Suppose 2*j + 4*p - q = 6*p, 0 = -2*j - s*p + 36. Calculate the remainder when 77 is divided by j.
17
Suppose 0 = 4*t + 4*c - 36, -5*t = -3*c - 22 - 23. Suppose 43*d + 60*d - 124*d + 2037 = 0. Calculate the remainder when d is divided by t.
7
Suppose 149 - 134 = t. Suppose -t*w + 7*w = -128. What is the remainder when 31 is divided by w?
15
Suppose 2*c + y = 69, -c - y + 1 = -34. Suppose 2*u = 3*o - 200, 5*u + 0 + 5 = 0. What is the remainder when o is divided by c?
32
Calculate the remainder when 714 is divided by (26/(-9) - -3) + 10032/108.
63
Let n(w) = w**2 + 4*w - 31. Let h be n(-8). What is the remainder when 43/((-2)/(-4) - h/(-2)) is divided by 13?
4
Let v(l) = 72*l + 5. Calculate the remainder when v(5) is divided by 4/(-18) - (-10670)/495 - (-5)/3.
20
Suppose -15*z + 8*z + 51447 = 4*z. Calculate the remainder when z is divided by 65.
62
Let y(x) = 4*x**3 - 35*x**2 + 146*x - 3. What is the remainder when y(7) is divided by 30?
16
Let g = -1804 + 1831. Suppose 0 = 2*c - 3*c + 7. What is the remainder when g is divided by c?
6
Suppose -3*t + 586 - 660 = -2*l, -l - t + 22 = 0. What is the remainder when 539 is divided by l?
7
Let q(l) = 16 - 8*l**2 - 3 - 4*l + 0*l + 3*l + l**3. Let d be q(8). Suppose -r - 2 = -d*i + 92, 2*i = -r + 39. Calculate the remainder when 75 is divided by i.
18
Suppose 16 + 17 = u - 5*s, -u = s - 21. Suppose -9*q = -7*q - 6. Suppose 6*n - q*n = 273. Calculate the remainder when n is divided by u.
22
Suppose -u = 2*u + 9, 5*d - u - 288 = 0. Let p(s) = -41*s**2 - 2873*s - 192. Calculate the remainder when d is divided by p(-70).
3
Suppose -1638 = -43*r - 59*r + 24*r. Calculate the remainder when 1102 is divided by r.
10
What is the remainder when 1168 is divided by (676/117 + -6)*-5166?
20
Suppose 3*z - 146 = -2*c, -3*c = -z - 0 + 34. What is the remainder when 412 is divided by z?
44
Calculate the remainder when 517 is divided by 120/(-1500) - (-3808)/100.
23
What is the remainder when 12 is divided by 15*17/765*33?
1
Suppose 5*v + 285 = w, w - 34*v + 33*v = 301. What is the remainder when 913 is divided by (1 + -8)*w/(-35)?
59
Let o = -3198 + 3255. What is